{"id":1608,"date":"2025-07-17T08:51:21","date_gmt":"2025-07-17T06:51:21","guid":{"rendered":"https:\/\/compagniepoly.fr\/?page_id=1608"},"modified":"2025-11-18T10:50:21","modified_gmt":"2025-11-18T09:50:21","slug":"concert","status":"publish","type":"page","link":"https:\/\/compagniepoly.fr\/index.php\/concert\/","title":{"rendered":"Concert"},"content":{"rendered":"\t\t<div data-elementor-type=\"wp-page\" data-elementor-id=\"1608\" class=\"elementor elementor-1608\">\n\t\t\t\t\t\t<section class=\"elementor-section elementor-top-section elementor-element elementor-element-b68cd67 elementor-section-boxed elementor-section-height-default elementor-section-height-default wpr-particle-no wpr-jarallax-no wpr-parallax-no wpr-sticky-section-no\" data-id=\"b68cd67\" data-element_type=\"section\" data-e-type=\"section\">\n\t\t\t\t\t\t<div class=\"elementor-container elementor-column-gap-default\">\n\t\t\t\t\t<div class=\"elementor-column elementor-col-100 elementor-top-column elementor-element elementor-element-e91f5e7\" data-id=\"e91f5e7\" data-element_type=\"column\" data-e-type=\"column\">\n\t\t\t<div class=\"elementor-widget-wrap elementor-element-populated\">\n\t\t\t\t\t\t<div class=\"elementor-element elementor-element-437afd5 elementor-widget__width-inherit elementor-widget elementor-widget-heading\" data-id=\"437afd5\" data-element_type=\"widget\" data-e-type=\"widget\" data-widget_type=\"heading.default\">\n\t\t\t\t<div class=\"elementor-widget-container\">\n\t\t\t\t\t<h2 class=\"elementor-heading-title elementor-size-default\">~ Concert duo et plus<\/h2>\t\t\t\t<\/div>\n\t\t\t\t<\/div>\n\t\t\t\t<div class=\"elementor-element elementor-element-697ded1 elementor-widget-divider--view-line elementor-widget elementor-widget-divider\" data-id=\"697ded1\" data-element_type=\"widget\" data-e-type=\"widget\" data-widget_type=\"divider.default\">\n\t\t\t\t<div class=\"elementor-widget-container\">\n\t\t\t\t\t\t\t<div class=\"elementor-divider\">\n\t\t\t<span class=\"elementor-divider-separator\">\n\t\t\t\t\t\t<\/span>\n\t\t<\/div>\n\t\t\t\t\t\t<\/div>\n\t\t\t\t<\/div>\n\t\t\t\t\t<\/div>\n\t\t<\/div>\n\t\t\t\t\t<\/div>\n\t\t<\/section>\n\t\t\t\t<section class=\"elementor-section elementor-top-section elementor-element elementor-element-11fcb21 elementor-section-boxed elementor-section-height-default elementor-section-height-default wpr-particle-no wpr-jarallax-no wpr-parallax-no wpr-sticky-section-no\" data-id=\"11fcb21\" data-element_type=\"section\" data-e-type=\"section\">\n\t\t\t\t\t\t<div class=\"elementor-container elementor-column-gap-default\">\n\t\t\t\t\t<div class=\"elementor-column elementor-col-50 elementor-top-column elementor-element elementor-element-754e92c\" data-id=\"754e92c\" data-element_type=\"column\" data-e-type=\"column\">\n\t\t\t<div class=\"elementor-widget-wrap elementor-element-populated\">\n\t\t\t\t\t\t<div class=\"elementor-element elementor-element-c644805 elementor-invisible elementor-widget elementor-widget-image\" data-id=\"c644805\" data-element_type=\"widget\" data-e-type=\"widget\" data-settings=\"{&quot;_animation&quot;:&quot;fadeInUp&quot;}\" data-widget_type=\"image.default\">\n\t\t\t\t<div class=\"elementor-widget-container\">\n\t\t\t\t\t\t\t\t\t\t\t\t\t\t\t<img fetchpriority=\"high\" decoding=\"async\" width=\"683\" height=\"1024\" src=\"https:\/\/compagniepoly.fr\/wp-content\/uploads\/2023\/11\/Martin-683x1024.jpg\" class=\"attachment-large size-large wp-image-1437\" alt=\"\" srcset=\"https:\/\/compagniepoly.fr\/wp-content\/uploads\/2023\/11\/Martin-683x1024.jpg 683w, https:\/\/compagniepoly.fr\/wp-content\/uploads\/2023\/11\/Martin-200x300.jpg 200w, https:\/\/compagniepoly.fr\/wp-content\/uploads\/2023\/11\/Martin-768x1152.jpg 768w, https:\/\/compagniepoly.fr\/wp-content\/uploads\/2023\/11\/Martin-1024x1536.jpg 1024w, https:\/\/compagniepoly.fr\/wp-content\/uploads\/2023\/11\/Martin.jpg 1365w\" sizes=\"(max-width: 683px) 100vw, 683px\" \/>\t\t\t\t\t\t\t\t\t\t\t\t\t\t\t<\/div>\n\t\t\t\t<\/div>\n\t\t\t\t\t<\/div>\n\t\t<\/div>\n\t\t\t\t<div class=\"elementor-column elementor-col-50 elementor-top-column elementor-element elementor-element-b0a5678\" data-id=\"b0a5678\" data-element_type=\"column\" data-e-type=\"column\">\n\t\t\t<div class=\"elementor-widget-wrap elementor-element-populated\">\n\t\t\t\t\t\t<div class=\"elementor-element elementor-element-c558c74 elementor-widget__width-initial elementor-widget elementor-widget-heading\" data-id=\"c558c74\" data-element_type=\"widget\" data-e-type=\"widget\" data-widget_type=\"heading.default\">\n\t\t\t\t<div class=\"elementor-widget-container\">\n\t\t\t\t\t<h2 class=\"elementor-heading-title elementor-size-default\">Concert Duo : Lazy Afternoon<\/h2>\t\t\t\t<\/div>\n\t\t\t\t<\/div>\n\t\t\t\t<div class=\"elementor-element elementor-element-2f42911 elementor-widget__width-initial elementor-widget elementor-widget-heading\" data-id=\"2f42911\" data-element_type=\"widget\" data-e-type=\"widget\" data-widget_type=\"heading.default\">\n\t\t\t\t<div class=\"elementor-widget-container\">\n\t\t\t\t\t<h2 class=\"elementor-heading-title elementor-size-default\">Concert Quatuor : Imago<\/h2>\t\t\t\t<\/div>\n\t\t\t\t<\/div>\n\t\t\t\t<section class=\"elementor-section elementor-inner-section elementor-element elementor-element-5a88a23 elementor-section-boxed elementor-section-height-default elementor-section-height-default wpr-particle-no wpr-jarallax-no wpr-parallax-no wpr-sticky-section-no\" data-id=\"5a88a23\" data-element_type=\"section\" data-e-type=\"section\">\n\t\t\t\t\t\t<div class=\"elementor-container elementor-column-gap-default\">\n\t\t\t\t\t<div class=\"elementor-column elementor-col-50 elementor-inner-column elementor-element elementor-element-b45f9ba\" data-id=\"b45f9ba\" data-element_type=\"column\" data-e-type=\"column\">\n\t\t\t<div class=\"elementor-widget-wrap elementor-element-populated\">\n\t\t\t\t\t\t<div class=\"elementor-element elementor-element-994abe8 elementor-widget elementor-widget-text-editor\" data-id=\"994abe8\" data-element_type=\"widget\" data-e-type=\"widget\" data-widget_type=\"text-editor.default\">\n\t\t\t\t<div class=\"elementor-widget-container\">\n\t\t\t\t\t\t\t\t\t<p>Type musicaux :<\/p>\t\t\t\t\t\t\t\t<\/div>\n\t\t\t\t<\/div>\n\t\t\t\t<div class=\"elementor-element elementor-element-788e935 elementor-widget elementor-widget-text-editor\" data-id=\"788e935\" data-element_type=\"widget\" data-e-type=\"widget\" data-widget_type=\"text-editor.default\">\n\t\t\t\t<div class=\"elementor-widget-container\">\n\t\t\t\t\t\t\t\t\t<p>&#8211; Compositions Originales : D\u00e9couvrez nos propres cr\u00e9ations musicales, con\u00e7ues pour capturer l\u2019essence de chaque style tout en ajoutant une touche personnelle et innovante \u00e0 notre performance.<\/p><p><br \/>&#8211; Rock Psych\u00e9d\u00e9lique des Ann\u00e9es 60 : Plongez dans les sons embl\u00e9matiques du rock psych\u00e9d\u00e9lique des ann\u00e9es 60, avec des interpr\u00e9tations fid\u00e8les qui rendent hommage \u00e0 cette \u00e9poque dor\u00e9e, enrichies de sonorit\u00e9s immersives.<\/p><p><br \/>&#8211; Vari\u00e9t\u00e9 Fran\u00e7aise Actuelle :\u00a0 Appr\u00e9ciez des morceaux de la vari\u00e9t\u00e9 fran\u00e7aise contemporaine, offrant une touche moderne et actuelle qui ravira un large public.<\/p>\t\t\t\t\t\t\t\t<\/div>\n\t\t\t\t<\/div>\n\t\t\t\t<div class=\"elementor-element elementor-element-93b1137 elementor-widget elementor-widget-heading\" data-id=\"93b1137\" data-element_type=\"widget\" data-e-type=\"widget\" data-widget_type=\"heading.default\">\n\t\t\t\t<div class=\"elementor-widget-container\">\n\t\t\t\t\t<h2 class=\"elementor-heading-title elementor-size-small\">Artistes : <br>De 2 \u00e0 4 <\/h2>\t\t\t\t<\/div>\n\t\t\t\t<\/div>\n\t\t\t\t\t<\/div>\n\t\t<\/div>\n\t\t\t\t<div class=\"elementor-column elementor-col-50 elementor-inner-column elementor-element elementor-element-77262e2\" data-id=\"77262e2\" data-element_type=\"column\" data-e-type=\"column\">\n\t\t\t<div class=\"elementor-widget-wrap elementor-element-populated\">\n\t\t\t\t\t\t<div class=\"elementor-element elementor-element-bc276af elementor-widget elementor-widget-heading\" data-id=\"bc276af\" data-element_type=\"widget\" data-e-type=\"widget\" data-widget_type=\"heading.default\">\n\t\t\t\t<div class=\"elementor-widget-container\">\n\t\t\t\t\t<h2 class=\"elementor-heading-title elementor-size-small\">Dur\u00e9e :<br>De 30 minutes \u00e0 3h <\/h2>\t\t\t\t<\/div>\n\t\t\t\t<\/div>\n\t\t\t\t\t<\/div>\n\t\t<\/div>\n\t\t\t\t\t<\/div>\n\t\t<\/section>\n\t\t\t\t<div class=\"elementor-element elementor-element-59b8410 elementor-widget elementor-widget-text-editor\" data-id=\"59b8410\" data-element_type=\"widget\" data-e-type=\"widget\" data-widget_type=\"text-editor.default\">\n\t\t\t\t<div class=\"elementor-widget-container\">\n\t\t\t\t\t\t\t\t\t<p dir=\"ltr\">Nous vous invitons \u00e0 vivre une exp\u00e9rience musicale inoubliable avec notre concert duo et plus, une performance qui allie des compositions originales \u00e0 un \u00e9ventail de styles musicaux captivants. Notre groupe propose une prestation en live m\u00ealant le rock psych\u00e9d\u00e9lique des ann\u00e9es 60, la vari\u00e9t\u00e9 fran\u00e7aise actuelle pour une soir\u00e9e v\u00e9ritablement \u00e9clectique.<\/p>\n<p dir=\"ltr\" style=\"text-align: center;\"><strong>** Pr\u00e9sentation**<\/strong><\/p>\n<p dir=\"ltr\">Notre musiciens talentueux et passionn\u00e9s, vous offre un spectacle riche et vari\u00e9, avec une gamme musicale qui traverse les d\u00e9cennies et les genres.<\/p>\n<ul>\n<li dir=\"ltr\">Quatuor <em><strong>Imago<\/strong><\/em> : Papillonnant entre atmosph\u00e8res remuantes et balades sensibles, Imago propose un voyage musical au cours duquel le public pourra se laisser envo\u00fbter par les morceaux oniriques du groupe. Composition et reprises ( Supertramp, ABBA &#8230; etc )<\/li>\n<li dir=\"ltr\"><em><strong>Lazy Afternoon<\/strong> <\/em>: Deux multi-instrumentistes proposant un concert doux et dansant port\u00e9 par des harmonies vocales. Reprises Folk ou Pop Rock, des Beatles \u00e0 Simon &amp; Garfunkel.<\/li>\n<\/ul>\n<p dir=\"ltr\" style=\"text-align: center;\"><strong>** Mat\u00e9riel Haut de Gamme**<\/strong><\/p>\n<p dir=\"ltr\">Pour garantir une qualit\u00e9 sonore optimale et une exp\u00e9rience visuelle impressionnante, nous utilisons du mat\u00e9riel haut de gamme. Notre \u00e9quipement comprend des instruments de pr\u00e9cision, des syst\u00e8mes de sonorisation professionnels, et des technologies d\u2019\u00e9clairage avanc\u00e9es. Nous nous assurons que chaque performance est amplifi\u00e9e avec clart\u00e9 et puissance, et que les effets visuels enrichissent l\u2019ambiance de mani\u00e8re \u00e9l\u00e9gante et efficace.<\/p>\n<p dir=\"ltr\">Chaque d\u00e9tail technique est soigneusement calibr\u00e9 pour offrir une exp\u00e9rience immersive et m\u00e9morable \u00e0 votre public.<\/p>\t\t\t\t\t\t\t\t<\/div>\n\t\t\t\t<\/div>\n\t\t\t\t<div class=\"elementor-element elementor-element-5c5e8f0 elementor-widget elementor-widget-text-editor\" data-id=\"5c5e8f0\" data-element_type=\"widget\" data-e-type=\"widget\" data-widget_type=\"text-editor.default\">\n\t\t\t\t<div class=\"elementor-widget-container\">\n\t\t\t\t\t\t\t\t\t<p><u><b>R\u00e9server maintenant !<\/b><\/u><\/p>\t\t\t\t\t\t\t\t<\/div>\n\t\t\t\t<\/div>\n\t\t\t\t<div class=\"elementor-element elementor-element-d47d1f2 elementor-align-left elementor-mobile-align-center elementor-widget elementor-widget-button\" data-id=\"d47d1f2\" data-element_type=\"widget\" data-e-type=\"widget\" data-widget_type=\"button.default\">\n\t\t\t\t<div class=\"elementor-widget-container\">\n\t\t\t\t\t\t\t\t\t<div class=\"elementor-button-wrapper\">\n\t\t\t\t\t<a class=\"elementor-button elementor-button-link elementor-size-sm\" href=\"https:\/\/compagniepoly.fr\/index.php\/contact\/\">\n\t\t\t\t\t\t<span class=\"elementor-button-content-wrapper\">\n\t\t\t\t\t\t\t\t\t<span class=\"elementor-button-text\">R\u00e9server une date<\/span>\n\t\t\t\t\t<\/span>\n\t\t\t\t\t<\/a>\n\t\t\t\t<\/div>\n\t\t\t\t\t\t\t\t<\/div>\n\t\t\t\t<\/div>\n\t\t\t\t\t<\/div>\n\t\t<\/div>\n\t\t\t\t\t<\/div>\n\t\t<\/section>\n\t\t\t\t<\/div>\n\t\t","protected":false},"excerpt":{"rendered":"<p>~ Concert duo et plus Concert Duo : Lazy Afternoon<\/p>\n","protected":false},"author":1,"featured_media":0,"parent":0,"menu_order":0,"comment_status":"closed","ping_status":"closed","template":"","meta":{"footnotes":""},"class_list":["post-1608","page","type-page","status-publish","hentry"],"_links":{"self":[{"href":"https:\/\/compagniepoly.fr\/index.php\/wp-json\/wp\/v2\/pages\/1608","targetHints":{"allow":["GET"]}}],"collection":[{"href":"https:\/\/compagniepoly.fr\/index.php\/wp-json\/wp\/v2\/pages"}],"about":[{"href":"https:\/\/compagniepoly.fr\/index.php\/wp-json\/wp\/v2\/types\/page"}],"author":[{"embeddable":true,"href":"https:\/\/compagniepoly.fr\/index.php\/wp-json\/wp\/v2\/users\/1"}],"replies":[{"embeddable":true,"href":"https:\/\/compagniepoly.fr\/index.php\/wp-json\/wp\/v2\/comments?post=1608"}],"version-history":[{"count":56,"href":"https:\/\/compagniepoly.fr\/index.php\/wp-json\/wp\/v2\/pages\/1608\/revisions"}],"predecessor-version":[{"id":2631,"href":"https:\/\/compagniepoly.fr\/index.php\/wp-json\/wp\/v2\/pages\/1608\/revisions\/2631"}],"wp:attachment":[{"href":"https:\/\/compagniepoly.fr\/index.php\/wp-json\/wp\/v2\/media?parent=1608"}],"curies":[{"name":"wp","href":"https:\/\/api.w.org\/{rel}","templated":true}]}}